*o**2 - 8*o + 19. Is k(6) a prime number?
True
Let j(y) = -5*y**3 - 8*y**2 + 3*y + 3. Let k be j(4). Let w = 140 - k. Is w prime?
False
Let z = 1163 + -960. Is z a prime number?
False
Suppose 4*i = 3*a - 92, 5*a + 0*i - 3*i - 168 = 0. Let v = -48 + a. Is v - -15 - 31*-4 a composite number?
False
Let h = -152 - -152. Suppose 339 = 2*s - 5*n, h = s + 3*n - 182 + 40. Is s a prime number?
True
Let a = 244 + -155. Is a composite?
False
Let h be -1 - 1/(-1) - 30. Let i be 315*3/(h/(-16)). Let f = 1061 - i. Is f a prime number?
True
Suppose 0 = 4*m - 5*b + 23, m + 2*b = -3*m - 2. Let l be (-2)/(-4)*(-28)/m. Suppose -l*d + 11*d - 716 = 0. Is d composite?
False
Suppose d + 2*d - h = 1765, 1170 = 2*d + h. Is d prime?
True
Is (7 - 3) + -2 + 7819 + -4 a prime number?
True
Let q = 18 - 17. Is (-3)/(3/(-97)*q) prime?
True
Suppose 4*j = -2*y - y + 18, y + j - 5 = 0. Let p = 2 - y. Suppose -307 = -p*v - v. Is v prime?
True
Suppose 5*m = 1129 + 781. Suppose -m = 4*s - 6*s. Is s a composite number?
False
Let f be 2/6 + 1140/36. Suppose -3*x - x + f = 0. Is 188 + 12/x*-2 a prime number?
False
Let n(h) = 41*h**2 - 13*h - 41. Is n(11) a composite number?
True
Let p(g) = 20*g + 1. Let j(d) = -d + 11. Let y be j(5). Let l be p(y). Suppose -4*r = 4*b - 452, 2*r - l = -b + 5*r. Is b a prime number?
False
Suppose 9*z - 15398 = 792379. Is z prime?
True
Let s = -18 - -22. Suppose -3*h + 2*h = 4, -s*v - 44 = 5*h. Let m(q) = 4*q**2 + 4*q - 5. Is m(v) composite?
True
Let k = -5249 + 9622. Is k a composite number?
False
Let z = -2 - -12. Suppose -4*m = 5*b + z, 0*m = m. Is 94*(-3 - 7/b) a composite number?
False
Let j(r) = r**3 + 25*r**2 + 25*r + 27. Let v be j(-24). Suppose -v*t + 6*t - 8283 = 0. Is t a prime number?
False
Is (-39861)/(-15) + 6/(-15) a prime number?
True
Let d(r) = 16726*r**2 + 6*r - 3. Is d(1) composite?
False
Let j be (54/24)/(6/(-176)). Let l = -33 + j. Is (l/6 + 2)*-10 a prime number?
False
Suppose 3*y - 8 = -y. Let a(b) = 14*b - 6*b**2 + b**2 + 5*b**2 + 27 + 2*b**y. Is a(-15) a prime number?
False
Suppose 6 = 5*n - 2*n. Suppose -4*k + n*t + 10 = 0, 0*t + t = -k + 7. Suppose -l + 565 = k*l. Is l a prime number?
True
Let y = 5 - 94. Let w = 388 + y. Is w a composite number?
True
Let a = 790 + -320. Suppose 0 = -4*n + 38 + a. Is n composite?
False
Let b(y) = -1129*y - 20. Let o be b(-3). Suppose -4*u + 3375 = -3*j, 2*u + 5*j - o = -2*u. Is u a prime number?
False
Let i = -26621 + 37800. Is i a composite number?
True
Let s be (3/7)/((-13)/(-91)). Suppose -4*r + s*r = -102. Is (r/(-12))/(2/(-8)) prime?
False
Suppose -o = 3*q - 4*q + 16, 0 = -5*q - 5*o + 120. Is ((-634)/6)/(q/(-60)) a composite number?
False
Let i(z) = -139*z**3 - z**2 + 3*z + 3. Let s be i(-3). Suppose -3*g + 5601 = -r - 2*r, -2*g = -4*r - s. Suppose -5*v + g = -0*v. Is v prime?
True
Let v(d) = 2*d. Let f be v(-1). Let k(c) = 49*c - 6. Let j(p) = 50*p - 7. Let b(m) = 5*j(m) - 6*k(m). Is b(f) prime?
True
Suppose 46*z = 37*z + 61227. Is z a composite number?
False
Suppose 5*x - x - 29858 = 5*y, -3*x + 4*y + 22394 = 0. Is (-7)/(308/8) + x/22 composite?
True
Let t(j) = 5*j**2 - 11*j + 19. Is t(4) prime?
False
Let z = -58 + 213. Suppose z - 7 = -2*t. Let r = t + 117. Is r prime?
True
Suppose 3*a - 2*y - 11 = -y, -4*a + 28 = -4*y. Suppose 0 = -8*z + 3*z + 1710. Suppose i = a*u + z - 113, 4*i + 5*u = 955. Is i prime?
False
Let g(z) = z**2 - 13*z - 10. Let v be g(14). Suppose -2*n - 69 = -v*p + 65, 0 = 5*p - 2*n - 169. Is p a prime number?
False
Suppose 4*j - 8 = 4*v, j = 2*j + v - 2. Let l = j - 5. Is 0 - 3 - -43 - l prime?
True
Suppose 17 = -5*b + 52. Suppose 6 = -5*y + b*y. Is (46/2)/(y - 2) a composite number?
False
Let o(x) = 6*x - 1. Let p be 210/40 - 1/4. Let g(y) = -11*y + 1. Let i(c) = p*o(c) + 3*g(c). Is i(-7) a composite number?
False
Suppose -18 = 5*v + 2. Let y be (-2 - -3)/(v/(-12)). Suppose 0 = -5*j + o + 414, -y*j + 2*o + 351 = 104. Is j composite?
False
Let z = -11 - -16. Suppose -z*i - 2 = -6*i. Suppose 2*o + 0*j - 2712 = 2*j, -3*o + i*j + 4073 = 0. Is o composite?
False
Suppose -7*j = -133496 - 39355. Is j prime?
False
Suppose -c + 3 = -2. Let u(y) = 2*y - 4. Let g be u(c). Is (g/6)/((-3)/(-2661)) a prime number?
True
Let p be 1/(-2)*-108 + 0 + 0. Suppose -3*k - 670 = -7*k - 2*q, -470 = -3*k + 5*q. Suppose -p = 3*b - k. Is b composite?
False
Suppose 2720 = 53*r - 49*r + 3*y, -680 = -r - 5*y. Suppose 5 = 2*a - 5. Suppose -a*d = -r - 1025. Is d a prime number?
False
Let y(r) = -504*r - 95. Is y(-37) a composite number?
False
Let k = -945 + 3532. Is k a composite number?
True
Suppose -8813 = -3*h + 4*i, 0 = -4*h + 2*i - 1167 + 12921. Is h composite?
False
Let n(p) = 10*p**2 + 2*p + 5*p**2 + p**3 - 10*p**2 + 11*p**2 - 4. Is n(-15) a prime number?
True
Let z = -34183 + 72210. Is z composite?
True
Let j(s) = 5606*s - 57. Is j(4) a prime number?
True
Suppose -5*c = 0, 2*x = -c - 2 + 16. Suppose -2*h = -x*h + 2665. Is h a composite number?
True
Is 9 + 516796/105 - 6/(-45) a prime number?
True
Let w(u) = -u**2 + 11*u + 16. Let r be w(12). Suppose 4*c - r*x + 8 = -8, -4*c + 5*x = 20. Is (741 - -1) + (c - -1) prime?
True
Suppose 0*f = -2*f + 36. Let a = f - 0. Is 1 + a*(5 - 3) composite?
False
Let h = 318439 - 203746. Is h composite?
True
Suppose 0*n + 125360 = 5*n. Is (-4)/(-6) - n/(-48) a prime number?
True
Let m = 17 + -14. Suppose -x - m*f + 21 = -2*x, 4*x - 3*f + 48 = 0. Let i = 28 + x. Is i a prime number?
True
Suppose 2*u = -5*o - 11, -3*o = 3*u - o. Suppose u*d + 7 = 305. Is d composite?
False
Let w(z) be the third derivative of -21/8*z**4 + 0*z + 0 + 2/3*z**3 + 3*z**2. Is w(-7) a prime number?
False
Suppose 4*x + 3*n = -137, -7*x = -2*x + 2*n + 173. Let k = 1122 + x. Is k composite?
False
Suppose 0 = 18*q - 22*q + 3*r + 1579, -q - 4*r = -409. Is q a prime number?
True
Suppose 4*h - 9159 + 2563 = 0. Is h composite?
True
Suppose 2*f - 17882 = 39104. Is f a prime number?
True
Let b = 127 - 133. Let r(l) = -8*l**3 - 3*l**2 + 15*l + 13. Is r(b) a composite number?
False
Let g(c) be the first derivative of -7*c + 2 - 97/2*c**2. Is g(-4) a composite number?
True
Suppose -4*a - 2*t = -4, -3*t = -2*a - t + 8. Is (102/30)/(a/830) a composite number?
True
Let m(k) = 133*k**2 - 81*k + 235. Is m(3) prime?
False
Let n = 11 + 4. Let h be 12 - n/(-10)*2. Suppose -2*c + h = -5*b + 406, -3*c - 389 = -5*b. Is b composite?
False
Suppose 9*n - 2*n = -14. Is -415*(-4)/25*(-5)/n a prime number?
False
Let i(x) be the third derivative of -x**4/24 - 3*x**2. Let q be i(-4). Is (10/15)/(q/894) prime?
True
Let t(j) = 436*j**2 + 24*j + 27. Is t(11) a prime number?
True
Suppose -j + 6 = 1. Suppose -4*a + 190 = -3*d, 0 = j*a + 3*d - 174 - 50. Let u = 204 - a. Is u a prime number?
False
Suppose 4*l - 2*l - 16418 = 0. Is l prime?
True
Let g = -322 - -440. Is g composite?
True
Let w(t) = -t**3 - 7*t**2 - 4*t + 5. Let h be w(-6). Let r be (-3)/(2 - -4)*58. Is (r/(-1))/((-1)/h) a composite number?
True
Suppose -8*v + 2*v + 18 = 0. Suppose -7 = 2*k - v. Is ((-2)/2)/(k/254) a composite number?
False
Let w(f) be the second derivative of f**3/6 - 4*f**2 - 9*f. Let u be w(0). Let t(q) = -q**3 - 9*q**2 - 10*q + 6. Is t(u) a composite number?
True
Suppose -14*g + 49282 - 6344 = 0. Is g composite?
False
Let w = -566 - -1577. Is w a composite number?
True
Let w(o) = -24*o**3 + o**2 + 5*o + 5. Let h(n) = n**3 - 16*n**2 + 14*n + 13. Let z be h(15). Is w(z) a prime number?
True
Let g be 21/14 + 153/(-2). Let u = g - -208. Is u prime?
False
Suppose 0 = -3*z - 2*z + 10. Let f be 3 + 0 + -15 - z. Is (80 - f)/((-2)/(-13)) a prime number?
False
Suppose -6 = -7*o + 4*o. Suppose -3*y + 5*c + 235 = 2*y, -5*y + 235 = -o*c. Suppose -3*a - 3*l + y = -a, 4*l + 4 = 0. Is a a composite number?
True
Suppose 23*s = 5438 + 35111. Is s a composite number?
True
Let p = 1975 + -1369. Let o be (4 - 1) + -218 + 6. Let x = p + o. Is x prime?
True
Let s(k) = k**3 + 10*k**2 + 10*k + 12. Let q be s(-9). Suppose -q*o - n + 176 = -2*o, 182 = o - n. Is o a prime number?
True
Let b be (1 + 16/4)*1. Suppose -5*y = -b - 50. Suppose -y*w = -12*w + 19. Is w prime?
True
Suppose 3*m - 5*m = 976. Let d = -231 - m. Is d prime?
True
Suppose 4*i - 32 = 4*u + 12, 5*i = 3*u + 23. Let m be 4/u + (-893)/(-4). Let t = m - 149. Is t a composite number?
True
Suppose 3*p 